at is the highest common divisor of 80704 and 5482828?
5044
What is the highest common divisor of 52871 and 5893?
83
What is the highest common divisor of 16 and 1108781224?
8
What is the highest common divisor of 9851940 and 1665?
45
Calculate the highest common divisor of 5361670 and 17501.
1591
Calculate the greatest common factor of 107750 and 66750.
250
What is the highest common divisor of 1441590 and 108750?
870
Calculate the greatest common divisor of 1421 and 93051.
49
Calculate the greatest common divisor of 191244267 and 459.
27
Calculate the highest common divisor of 210 and 6310590.
30
Calculate the greatest common factor of 41 and 234118979.
41
What is the greatest common divisor of 10 and 96301505?
5
Calculate the greatest common divisor of 862631 and 1870.
187
What is the highest common factor of 325639 and 559?
43
Calculate the greatest common divisor of 24 and 101447960.
8
Calculate the greatest common factor of 8177188 and 1595.
29
What is the highest common factor of 2749487 and 221?
13
Calculate the highest common divisor of 158373 and 927.
9
What is the greatest common divisor of 88568997 and 2244?
561
Calculate the greatest common factor of 651967316 and 12012.
4004
What is the greatest common factor of 996057 and 354?
3
Calculate the highest common factor of 10 and 35427740.
10
Calculate the highest common divisor of 236 and 520301884.
236
Calculate the greatest common factor of 7874200 and 300.
100
Calculate the greatest common factor of 8494 and 1954031.
137
What is the highest common factor of 702 and 18614973?
39
What is the greatest common divisor of 192 and 2323264?
64
Calculate the greatest common factor of 1683 and 14813154.
153
What is the highest common divisor of 10523 and 4290919?
17
What is the highest common divisor of 84 and 11580366?
42
What is the highest common divisor of 9653480 and 40?
40
Calculate the highest common divisor of 18554568 and 281891.
2791
Calculate the greatest common factor of 23207 and 30178181.
1009
Calculate the highest common divisor of 11343 and 1250542.
19
What is the highest common divisor of 119 and 342377?
7
What is the highest common factor of 219734 and 152764?
362
What is the highest common divisor of 34787484 and 108?
36
Calculate the greatest common factor of 1504090 and 1323.
7
What is the highest common divisor of 4031 and 459940?
29
What is the greatest common factor of 15802295 and 47080?
535
What is the highest common divisor of 39348697 and 142?
71
Calculate the greatest common factor of 39586809 and 4632.
579
Calculate the greatest common divisor of 9751204 and 1432.
716
What is the highest common factor of 27 and 5084073?
27
Calculate the highest common divisor of 674995051 and 67.
67
Calculate the greatest common factor of 1210972 and 3782.
122
What is the greatest common divisor of 369 and 5650579?
41
Calculate the greatest common divisor of 1242288 and 5136.
48
What is the highest common factor of 729621 and 1769?
61
Calculate the greatest common divisor of 82920 and 649860.
60
Calculate the highest common divisor of 8871307 and 230.
23
Calculate the greatest common divisor of 633127718 and 106.
106
What is the greatest common factor of 2784750 and 13825?
1975
What is the highest common divisor of 111 and 59330203?
37
Calculate the highest common factor of 2269 and 19649540.
2269
Calculate the highest common divisor of 39035 and 10708250.
1055
Calculate the greatest common factor of 3123545 and 265.
5
What is the greatest common divisor of 5325 and 10950969?
213
What is the greatest common divisor of 337744 and 24947?
1919
What is the highest common divisor of 3777 and 21442029?
3777
Calculate the highest common divisor of 39208 and 10607272.
3016
Calculate the greatest common divisor of 9344892 and 852.
12
Calculate the highest common divisor of 8611875 and 410625.
5625
What is the highest common factor of 210840 and 35490?
210
What is the highest common factor of 5579356 and 916?
916
Calculate the highest common divisor of 99970 and 8255.
65
Calculate the greatest common factor of 33080084 and 4.
4
What is the highest common divisor of 2360 and 1361189?
59
Calculate the greatest common factor of 6951362 and 87098.
2354
Calculate the greatest common factor of 19356375 and 1454.
727
What is the greatest common factor of 24843 and 16811067?
1911
What is the greatest common factor of 357 and 8691063?
51
What is the highest common factor of 9675 and 3718296?
387
What is the greatest common factor of 203 and 377979?
7
Calculate the greatest common factor of 1162860 and 1110.
30
Calculate the greatest common factor of 812 and 130964.
116
What is the highest common divisor of 192147 and 56031?
57
Calculate the greatest common divisor of 2043563 and 1353.
41
Calculate the highest common factor of 5760856 and 7648.
1912
What is the greatest common factor of 21983605 and 28567?
2597
What is the greatest common divisor of 3848 and 57859490?
962
What is the highest common factor of 375 and 1680814875?
375
Calculate the greatest common divisor of 2512 and 86753490.
314
Calculate the highest common divisor of 8048161 and 22.
11
What is the greatest common divisor of 2367 and 1234785?
789
Calculate the highest common factor of 104 and 4195646.
26
Calculate the highest common divisor of 2809372 and 18320.
916
Calculate the greatest common divisor of 63140278 and 1961.
1961
Calculate the greatest common factor of 66108740 and 5580.
620
What is the highest common divisor of 766 and 464385968?
766
What is the highest common factor of 44780 and 30995?
5
What is the highest common factor of 76848724 and 6012?
668
What is the highest common divisor of 605 and 907195?
5
Calculate the greatest common divisor of 10248 and 13689864.
1464
What is the greatest common factor of 991040 and 1288960?
6080
What is the highest common divisor of 3626700 and 121044?
924
What is the highest common factor of 33 and 2607209946?
33
What is the greatest common factor of 295704 and 16152?
24
Calculate the highest common factor of 366179628 and 1644.
1644
What is the greatest common divisor of 1388 and 6059314?
694
What is the greatest common factor of 105 and 532735?
35
Calculate the highest common divisor of 651415 and 304.
19
What is the greatest common factor of 903320 and 3320?
40
What is the greatest common factor of 66777156 and 132?
12
What is the greatest common divisor of 9372 and 286911?
213
What is the highest common divisor of 59 and 807968?
1
What is the greatest common divisor of 986 and 3767472?
34
What is the highest common divisor of 4285 and 192473630?
4285
What is the greatest common factor of 183604 and 222748?
932
What is the greatest common factor of 21 and 11586295?
7
What is the greatest common factor of 15208152 and 161?
23
Calculate the greatest common divisor of 63 and 7844823.
63
What is the greatest common factor of 248050 and 4114?
242
Calculate the greatest common factor of 34958 and 2206894.
454
What is the highest common divisor of 3072 and 23112192?
1536
Calculate the highest common divisor of 2054079 and 1926.
963
What is the greatest common factor of 97 and 8412713?
97
What is the highest common divisor of 384499013 and 17?
17
What is the highest common divisor of 4499315 and 140?
5
What is the highest common factor of 1180 and 2056220?
20
Calculate the highest common factor of 266584 and 1558520.
376
What is the highest common divisor of 768 and 17652864?
384
What is the greatest common factor of 58752 and 8348292?
1836
What is the highest common factor of 4372547 and 1735?
347
Calculate the greatest common divisor of 736219834 and 501.
167
What is the highest common divisor of 80036880 and 92016?
3408
What is the highest common factor of 229405476 and 108?
12
Calculate the greatest common factor of 1987753 and 883679.
2099
What is the highest common divisor of 12717 and 152290?
157
Calculate the highest common factor of 9319737 and 42.
21
What is the greatest common factor of 1461224 and 3272?
8
What is the highest common divisor of 2757 and 340552911?
2757
Calculate the highest common divisor of 36267 and 62958413.
1099
Calculate the highest common factor of 296832 and 1596.
12
Calculate the highest common divisor of 12 and 7091337.
3
Calculate the highest 